*2/2 + 20*w - 1071. Calculate n(-9).
-16
Let u(n) = -250*n + 10 - 24 - 12 + 490*n - 241*n. Give u(-14).
-12
Let f = 26 - 23. Suppose 7*p - 4*p - 11 = -2*q, 23 = -4*q + f*p. Let j(h) be the first derivative of -h**3/3 - h**2 + 1. What is j(q)?
0
Let x(c) = c**3 - 2*c**2 + 4*c - 3. Let t be x(2). Suppose 3*a = 6*a + t*h + 13, -5*a - 2*h - 28 = 0. Let i(k) = -k + 5. Give i(a).
11
Let i(q) = -q**2 + 5*q + 9. Let v = -1668 - -1674. Give i(v).
3
Let a(r) be the third derivative of -r**6/120 + r**5/30 - r**4/8 + r**3/2 - 15*r**2. Suppose -4*n - 5*q + 28 = 0, q = -0*n + 2*n. What is a(n)?
-3
Let w(n) = n**3 + 13*n**2 + 3*n**3 - 5*n**3 - 12*n. Suppose 14*f - 648 + 1070 = 590. Determine w(f).
0
Let n(t) = 4*t - t + 1 - 2*t + 3. Let r(g) = 5*g + 1. Let p(j) = 6*j + 1. Let f(s) = -6*p(s) + 7*r(s). Let v be f(8). Determine n(v).
-3
Let j(u) = -24*u + 59. Let m(c) = 163*c - 408. Let o(p) = -20*j(p) - 3*m(p). Calculate o(6).
-10
Let b(k) = -k**2 - 7*k - 6. Let u(a) = 32*a**3 + a + 2. Let t be u(-1). Let f = t + 29. Let i be f*5 + 3 + 3. Determine b(i).
6
Let w be (66/(-116) - 32/(-464))*-6 + 6. Let s(h) = -14*h**2 + 62*h + 8. Let p(x) = -9*x**2 + 41*x + 5. Let j(v) = -8*p(v) + 5*s(v). What is j(w)?
0
Let a(q) = -73*q + 10. Let c(h) = 45*h - 7. Let l(g) = -5*a(g) - 8*c(g). Let f(s) = 12*s - 78. Let r be f(6). What is l(r)?
-24
Let k(t) = t**2 + 12*t - 7. Let j(f) = -f**2 - 11*f + 4. Let d be (-272)/(-48) + (10/(-6) - -1). Let q(n) = d*j(n) + 4*k(n). Give q(-6).
-2
Let s(l) = -l**3 - 11*l**2 - 9*l + 20. Suppose u = -4*y - 10, -u = 98*y - 102*y + 10. Determine s(u).
10
Let g(i) = 2651 - 1244 - 1197 - 8*i - i**2. Give g(-19).
1
Let f(z) be the third derivative of z**4/12 - 23*z**3/6 + 625*z**2. What is f(-8)?
-39
Let v(a) = -24*a + 69*a - a**2 + 0*a**2 - 24*a - 18*a + 2. Let l(d) = d**2 - 6*d. Let y be l(6). Suppose -z + 0 + 4 = y. Calculate v(z).
-2
Let j(l) = -4*l**3 + 19*l**2 + 8*l - 24. Let s(v) = 3*v**3 - 17*v**2 - 6*v + 23. Let o(d) = 2*j(d) + 3*s(d). Give o(13).
-5
Let w(q) be the third derivative of 1/60*q**5 - 7*q**2 - 7/24*q**4 - 1/2*q**3 - 3 + 0*q. What is w(7)?
-3
Let s(r) = 3*r**2 + 5*r + 11. Let t(a) = -13*a**2 - 19*a - 47. Let k(n) = -2*n + 50. Let d be k(24). Let l(c) = d*t(c) + 9*s(c). Give l(-7).
5
Let r(f) = -987*f - 84886. Let w be r(-86). Let b(k) be the first derivative of -k**3/3 + 2*k**2 - 6*k + 1. Calculate b(w).
-38
Suppose -5*l = -4*g + 37, 4*g = -g - 2*l + 5. Let u(z) = -z**2 + 56 - 58 + g*z**2 - z**3 + 5*z. Give u(3).
4
Let l(m) = -103*m + 17. Let t(u) = -25*u + 4. Let d(y) = -2*l(y) + 9*t(y). Let g(v) = -35*v + 5. Let s(b) = 11*d(b) - 6*g(b). Give s(6).
-2
Suppose -s - 41 = 361*m - 359*m, 112 = -4*m + 4*s. Let z(c) = 5*c + 111. What is z(m)?
-4
Let i = 17644 + -17642. Let o(k) = k**2 - 32*k + 64. What is o(i)?
4
Let j(a) = -a**2 + 5*a + 4. Let k be (142/(-3))/((-2)/(-3)). Suppose 0 = u - 3*o - 70, -5*o = 2*u - 168 + 6. Let w = u + k. Determine j(w).
4
Let w(q) = 2*q**2 + 67*q + 25. Let m(t) = -6*t**2 - 206*t - 74. Let n(d) = -2*m(d) - 7*w(d). What is n(-26)?
103
Let m(w) be the second derivative of -9*w**3 - 49*w**2 + 628*w. Calculate m(-2).
10
Let b(c) = -2*c - 11. Let x be 8/(-14) - (3 + (-14965)/35). Let g be -4 - (x/52 - (-2)/(-13)). Determine b(g).
13
Let t(h) = 32*h**2 + 10 + 4*h + 7*h + 27*h**2 - 12 - 3*h**3 + 9*h. Determine t(20).
-2
Let j(k) = 4*k**3 - 2*k**2 + k. Let s be j(3). Let p = -4692 - -4743. Suppose 0 = 7*o + p - s. Let b(q) = -q**3 + 6*q**2 - 2. Calculate b(o).
-2
Let c(i) = i**3 + 24*i**2 + 1434*i - 16 - 706*i - 754*i. Give c(-25).
9
Let u(g) = 9*g**2 - 14*g + 37*g - g - 19*g - 2*g**2 - 4 - 2*g**3. Determine u(5).
-64
Let v(z) = -6 + 32*z**2 + z**3 + 78*z**2 - 192*z**2 + 75*z**2 - z. Suppose 0 = -3*a - 0*a + 21. Calculate v(a).
-13
Suppose -8*m + 17 = 73. Let w be ((-4)/36*-3)/(m/(-21)). Let p(z) = -2*z**2 + 1. Determine p(w).
-1
Let n be (-6)/(-21) + 122/14. Let t(u) = -10860*u**2 - 9*u + 21723*u**2 - 10862*u**2 - 3. Give t(n).
-3
Let c(q) be the third derivative of q**4/8 + 3*q**3/2 - 5*q**2. Let x = 28 + 22. Suppose -5*l = -5*j - x, j + 6*l - l = 8. Give c(j).
-12
Suppose -6*q = -t - q - 8, 2*q = t + 2. Let l(f) be the third derivative of 0 - 1/3*f**3 + 2*f + 1/8*f**4 + 2*f**2. Determine l(t).
4
Let t(r) be the second derivative of -r**5/20 - 11*r**4/12 + 11*r**3/6 - 8*r**2 + 2065*r. Give t(-12).
-4
Let k(l) be the first derivative of -13*l**3/3 - 13*l**2/2 - 12*l - 2800. Give k(-1).
-12
Let y(s) = 596 + 597 - 1171 + 2*s. Determine y(-7).
8
Let k(a) = -a**3 + a**2 + 7*a - 1. Let l be k(3). Let r(i) = -l*i**2 + 2*i + 7*i**2 + 54 - 55. What is r(2)?
23
Let y(m) = 29*m + 52. Let d(g) = -36*g - 54. Let p(l) = -4*d(l) - 5*y(l). Give p(11).
-55
Suppose -3*q = l - 165, 491*l = 4*q + 492*l - 218. Let v(b) = -2*b**2 + 105*b + 59. Calculate v(q).
6
Let q(y) = 5*y**2 - 6*y**2 + 2*y**3 - y - y**3. Let d(g) = 6*g**3 - 10*g**2 - 9*g - 5. Let b(l) = d(l) - 5*q(l). Suppose 8*k - 1 = 47. What is b(k)?
7
Let d(p) be the first derivative of -4*p**2 - 66*p + 399. What is d(-9)?
6
Let s(n) = -2 + n + 3 + 5 + 4*n**2 + 111*n**3 - 114*n**3. Let g(b) = 10*b**3 - 12*b**2 - 2*b - 19. Let i(a) = 2*g(a) + 7*s(a). Determine i(4).
16
Suppose 3547*t - 3531*t + 43 + 21 = 0. Let u(l) = 33*l + 25. Calculate u(t).
-107
Suppose -48 = -26*x + 23*x + g, x = -6*g - 3. Let m(q) = -q**3 + 16*q**2 - 17*q + 65. Give m(x).
35
Let t(q) be the first derivative of -q**4/4 - 5*q**3/3 + 3*q**2 - 7*q + 712. Give t(-6).
-7
Let n(x) = x**3 - 12*x**2 + 9*x + 33. Let b be n(11). Let t(h) = b + 8 - 18 + 2*h. Calculate t(4).
9
Suppose -4*z - 5*r + 21 = -0*z, 2*r - 39 = -5*z. Let t(m) = -359*m**2 - 4*m - 8. Let g(x) = 628*x**2 + 9*x + 17. Let i(q) = 4*g(q) + 7*t(q). Calculate i(z).
3
Let i(p) be the first derivative of -11/2*p**2 - 1/4*p**4 - 4*p**3 + 137 + 0*p. What is i(-11)?
0
Let y(d) = -9560*d + 28679*d - 34 - 9558*d - 9560*d. Determine y(6).
-28
Let t be 7 - (5/(-3))/((-10)/30). Suppose -26 = -2*z + 5*m, 0 = -t*z - z - 2*m + 20. Let o(f) = f**3 - 7*f**2 - 7*f - 7. Give o(z).
1
Let g(i) = -6*i**2 + 161*i - 71 + 4*i**2 - i**2 - 162*i + 4*i**2. Give g(-8).
1
Let h(i) = -4*i**3 - 12*i - 16 + 1492*i**2 + 28*i - 1506*i**2 + 5*i**3. Give h(13).
23
Let k(u) = -4*u**2 - 12 + 14*u + 33641*u**3 - 33640*u**3 - 10*u**2. What is k(13)?
1
Suppose 4*i + 7 - 35 = 0. Let f = 20 + -9. Suppose -i*a - 31 = f. Let d(j) = j**3 + 7*j**2 + 7*j + 1. Give d(a).
-5
Let f(h) = -h**2 - 4*h + 1. Let j(x) = 6*x + 117. Let u be j(-16). Let l be (-4)/12 + 4/12. Suppose -5 = -n + 3*c + 4, -3*n - 3*c - u = l. Determine f(n).
4
Let p = -3 - -8. Suppose p*r = -0 - 10. Let n be (-8)/(-4)*3/r. Let t(c) = c**3 + c**2 - 4*c - 1. Determine t(n).
-7
Suppose 1 = s, -4*l + 3*l - 2*s + 21 = 0. Suppose -2*u + 10 = 0, 0 = -2*h - 33*u + 36*u - l. Let q(y) = 3*y**2 - y - 1. Determine q(h).
13
Let o(v) = -15*v**3 - 66*v**2 + 16*v - 165. Let k(z) = -7*z**3 - 32*z**2 + 7*z - 78. Let l(y) = -13*k(y) + 6*o(y). Give l(-20).
-76
Let g(w) = w**3 - 8*w**2 + 10*w - 15. Let m(i) = -i**2 + 13*i + 471. Let o be m(29). Give g(o).
6
Let q = -30 - -58. Suppose -8*g + 108 = -q. Let z(j) = 4*j + 3. Let c(w) = 12*w + 8. Let a(p) = g*z(p) - 6*c(p). Calculate a(2).
-5
Let j(m) = m**3 - 3*m - 3. Suppose -27 = 9*c + 18. Let d be (c - -3) + (-7 - -6). Calculate j(d).
-21
Let p(r) be the third derivative of -11/6*r**3 + 0 + 0*r + 1/60*r**5 - 7/24*r**4 - 95*r**2. Calculate p(9).
7
Let p(k) = 5 + 0*k**2 + 4*k**2 - 4*k**2 + k**2. Let o = 15 - 15. Give p(o).
5
Let h be (1088/17)/(-32) - (3*-2 - 2). Let a(p) = 12*p + 17. Give a(h).
89
Let q = 21 + -23. Let a = q + 5. Let c(n) = -a*n**3 - 3*n**3 - 2*n**3 + n**2. What is c(1)?
-7
Let n(h) = h**3 - 38*h**2 + 137*h - 36. Let c = 12225 + -12191. Determine n(c).
-2
Let t(u) = 3*u**2 + 7*u - 5. Suppose 0 = -6344*n + 6342*n + 4. What is t(n)?
21
Let q(g) = 4*g + 92. Let y be q(-11). Let j(z) = -25*z - 23*z + 7 - z**3 + y*z - 7*z**2. Calculate j(-7).
7
Let z be 30*(-11 - 62/(-6)). Let i(r) = 2*r + 44. Give i(z).
4
Let b(v) = -3*v - 6. Suppose -2*d + 3*u = -1, 3*d + 4*u - 1 - 9 = 0. Suppose -8*n + d*n + 18 = 0. Suppose -n*l - 13 = 2. What is b(l)?
9
Let g(h) = -2*h**3 + 26*h**2 + 27*h + 20. Let w(j) = -j**3 - 145*j**2 + 292*j - 280. Let n be w(-147). Determine g(n).
6
Let j(k) = k**2 + 5*k - 10